(z) = 0*z - 5*z**2 + z - 1 + 3*z**3 + 2*z**2 + z. Is q(2) a prime number?
False
Suppose -3 = -4*f - 15. Let p(t) = -11*t**3 - 3*t**2 + 3*t + 4. Is p(f) a composite number?
True
Let b be ((-1)/2)/((-1)/(-2)). Let n be 1 - (-4 - (b - 0)). Is 0/(-1) - (-308)/n a composite number?
True
Suppose -2*j + 363 = o, 3*o = -2*j + 3*j + 1117. Is o a composite number?
True
Let t(a) = 13*a**3 + a**2 - a - 1. Let u be t(3). Let r = u - 213. Is r prime?
False
Let v be 2/7 - 36/(-21). Suppose i - 127 = 5*s, -164 - 98 = -v*i + 2*s. Suppose 3*j = -o - 2*o + i, 2*j = -5*o + 217. Is o a composite number?
False
Let h(t) = t - 3. Let y be h(7). Let a(q) = -1 + 4*q + 0 + y*q**2 + 3*q**2 - 2. Is a(2) composite?
True
Suppose y = 6*y. Suppose y*l = -l. Suppose -144 = -4*j - 3*r - l*r, -5*r + 86 = 2*j. Is j a composite number?
True
Let m = 65 + -32. Is m prime?
False
Suppose 5*w - 4 = 6. Suppose 12 = g + w*g. Is (g - -2)*(-10)/(-4) a composite number?
True
Let i be 8 + -9 - 1*-1. Suppose i = -2*m + 123 + 247. Is m a composite number?
True
Let x = 11 - 7. Suppose -4*p + 707 = 5*l, 0*p - 582 = -x*l + 5*p. Is l a composite number?
True
Suppose 5 = -5*y, 7*y - 2*y - 2760 = -5*p. Is p composite?
True
Let y(n) = 21*n - 14. Is y(11) prime?
False
Let d be (-1 - 0)*(-21)/1. Let q be -1 + (d - -2) + -2. Suppose -3*o = -73 - q. Is o a prime number?
True
Let o(j) = j**2. Let b = 1 + 4. Is o(b) a prime number?
False
Suppose -379 = -2*d + 135. Is d a prime number?
True
Suppose 4*c = c + 6. Suppose -5*v - 32 = -i, -i + 51 = c*v - 2. Is i composite?
False
Let z be -9*1*-2 + -2. Let f be (1/(-2))/((-4)/z). Suppose 0 = -f*d + 29 + 101. Is d composite?
True
Let u(n) = -n**2 - 7*n - 3. Let p be u(-6). Let o = -5 + p. Is o/(-3)*75/2 a prime number?
False
Let i be 2 - (-38 + -1 + -2). Let o = i + -22. Is o a composite number?
True
Let p = 6 + -1. Let c(b) = -b**3 + 5*b**2 - b + 7. Let s be c(p). Suppose -v + 0*v + 38 = -s*m, 0 = -2*v + 3*m + 74. Is v a composite number?
True
Let u(w) = 69*w - 5. Is u(2) prime?
False
Let d(q) = 77 + 3 - 3 + 3*q - 2*q. Suppose 0 = -4*t + 3*t. Is d(t) a prime number?
False
Let q be 116/2 + (-1)/1. Let v be (-60)/(-9)*-3*-1. Let i = q - v. Is i a prime number?
True
Let a(u) = -5*u + 7. Let k(r) = r. Let h(f) = -a(f) - 6*k(f). Let j be h(-10). Is ((-1)/j)/(1/(-267)) composite?
False
Is (-1)/((-12)/7792) + 2/(-6) a composite number?
True
Let i(d) = 8*d**2 - 4*d + 27. Is i(-11) composite?
False
Suppose s = -4*f + 8, 2*s - 5*s + 94 = -2*f. Suppose -3*p - p = -s. Is p a composite number?
False
Let n be (-795)/10*-2*1. Is n/15 + (-6)/(-15) composite?
False
Let h(s) = -s**2 - 3*s + 4. Let v be h(-3). Let j = -4 + v. Suppose -3*d + 2*q + 159 = j, -2*q + 4*q = 0. Is d a composite number?
False
Suppose -o + 3*a + 4452 = 0, 5*a = o - 5*o + 17757. Is o prime?
False
Let i = -12 - -235. Is i composite?
False
Suppose 5*q = -0*m - m + 21, 0 = 2*q - 2. Is (-4)/m + (-282)/(-8) prime?
False
Let i = -347 + 648. Is i composite?
True
Let g = -626 - -279. Is g*(-3)/(0 - -3) a composite number?
False
Let f(c) = c**2 - c - 14. Let r(b) = 3*b**2 - 2*b - 43. Let h(i) = -8*f(i) + 3*r(i). Is h(-12) a prime number?
True
Let z be -2 + (-2 - -1) + 7. Suppose 5*t = -4*m - 4, m + 28 = z*m - 4*t. Suppose m*q - 50 = -q. Is q a composite number?
True
Let v(o) = o**3 + 7*o**2 + 9*o + 2. Let n be v(-6). Let p = n - -104. Let w = p - 63. Is w a prime number?
False
Let y = 192 + 1639. Is y prime?
True
Let p(k) = -k**2 - 10*k - 7. Let f(a) = -a - 4. Let s be f(-4). Suppose s = 3*w + 17 + 4. Is p(w) composite?
True
Suppose 1285 = -q - 5*h - 524, 3*q - 2*h + 5376 = 0. Let i = -1163 - q. Is i a composite number?
False
Let d be -7 + (-1 + 0)*1. Let l be (d/(-6))/((-16)/456). Let n = -1 - l. Is n a prime number?
True
Suppose 5*t - 2*t - 633 = 0. Is t prime?
True
Suppose 0 = 3*s - 3 - 3. Suppose 4*x + 0*x - 2*m = 142, 138 = 4*x + s*m. Is x composite?
True
Let y = -7 + 10. Let f = 6 - y. Suppose -3*s - f*i + 243 = 0, -s + 61 = 2*i - 6*i. Is s a composite number?
True
Let m(w) = 3*w**2 - 9*w + 1. Is m(-7) composite?
False
Suppose 0 = -0*n + 4*n - 48. Let f be (2 + -3)/((-2)/n). Suppose 3*k - f = 12. Is k a composite number?
True
Suppose -3*n - 2*z + 366 = n, -179 = -2*n + 3*z. Is n a prime number?
False
Let t be (2 - 501/6)*-2. Suppose -t = -0*d - d. Is d prime?
True
Let p(i) = -10*i - 5. Let a be (-12)/((-6)/(-3)) + 1. Let g be p(a). Suppose -g = -2*s - 3*s + 5*b, 2*b - 24 = -5*s. Is s composite?
True
Suppose 3*r - 3*g + 15 = 0, -4*r + 4*g - g = 17. Is r/7 + 699/21 a prime number?
False
Let j(k) be the second derivative of -k**3 + 1/2*k**2 + 0 - 1/20*k**5 - 2*k - 5/12*k**4. Is j(-5) composite?
False
Suppose r + 0*o + 81 = 3*o, -201 = 3*r + 5*o. Let h = r + 18. Let g = 91 + h. Is g composite?
False
Let h(w) = -w + 104. Let x be h(0). Suppose u + 5*r - 34 = 0, -4*r - x = -5*u - 7*r. Is u prime?
True
Let p = 77 + -135. Suppose 3 = -3*x - 5*z - 40, -5*x = 2*z + 97. Let h = x - p. Is h composite?
False
Is 83 + -4 + (-3 - -7) prime?
True
Let o(l) = -3*l - 4*l + 9*l**2 + 2*l + 2 + 0*l**2 + l**3. Suppose -d = -6*d - 45. Is o(d) composite?
False
Let i(x) = -9*x**3 + 2*x**2 + 4*x - 3. Let g be i(3). Let z = g - -336. Let k = -83 + z. Is k prime?
True
Let m(a) = -a**3 + 7*a**2 + a - 2. Let h be m(7). Let f(b) = -2*b + 1. Let l be f(h). Let t = 6 - l. Is t a composite number?
True
Let t(c) = -23*c + 28. Is t(-23) a composite number?
False
Let d = 8 + -8. Is 0 - 2 - d - -57 prime?
False
Let g be ((-2)/(-4))/((-2)/(-4)). Suppose g = -2*w + 3*w. Suppose 44 = 4*t - 2*s, 4*s = 3*t + w - 34. Is t a prime number?
True
Suppose 5539 = 3*y - l + 1147, 4*y + l = 5863. Suppose -5*c + 0*c = -y. Is c prime?
True
Suppose 10*h = 12*h - 1774. Is h prime?
True
Is (-155 - (2 - 0))/(-1) prime?
True
Let s(l) = -l**3 + 7*l**2 + 7*l - 1. Is s(6) prime?
False
Let i(t) = -2462*t - 3. Is i(-1) a prime number?
True
Let d = 5 - 3. Suppose 0 = o - d*o + 113. Is o a prime number?
True
Let i = 7 - 6. Is -1*(0 + -7)*i prime?
True
Let t(z) = -2*z - 8. Let k be t(-6). Suppose -5*c - 44 = -k*v - 0*v, 5*v - 55 = -3*c. Is v a prime number?
True
Suppose -2*k = k - 630. Let t = -119 + k. Is t composite?
True
Let i(j) be the third derivative of 3*j**2 + 1/24*j**4 - 1/6*j**3 + 0 + 1/30*j**5 + 0*j. Is i(-3) a prime number?
False
Let d be (-2)/(-8) + (-3069)/(-12). Let f = d + -179. Is f prime?
False
Suppose d - 3*d = -68. Suppose 4*m - d - 26 = 0. Is m prime?
False
Suppose 14 = t - 1. Let m = t + -11. Suppose -m*q - 34 - 25 = -5*p, -3*q = -5*p + 58. Is p a prime number?
True
Suppose 22 = -2*j - 4*k, -4*j + 7 = -j - 2*k. Is 442/8 + j/4 a composite number?
True
Let c be ((-52)/(-10))/((-1)/(-10)). Suppose c = 5*t - 53. Is t prime?
False
Let v be (3/(-9))/((-1)/3). Let x be ((-5)/10)/(v/(-12)). Is x/(-12)*(-1 + -157) a prime number?
True
Is 21/105 - 4744/(-5) a composite number?
True
Suppose -5*x = -6*x. Suppose -3*v - 4*b + 131 = 0, x = -2*v - 2*b + 107 - 23. Is v prime?
True
Let m be 8/36 - 4/18. Suppose 0 = 4*r - z + 4*z - 523, m = -3*r - 2*z + 391. Is r a composite number?
False
Suppose -4*b + 5845 = b. Is b composite?
True
Let p(q) = 7*q**2 - q + 5. Is p(9) a composite number?
False
Let i(x) = -7*x + 15. Let r(j) = 132*j - 286. Let z(f) = -77*i(f) - 4*r(f). Is z(8) a prime number?
False
Let w(t) = -83*t - 27. Is w(-10) composite?
True
Suppose 4*h - 646 = 2*h + 3*t, -5*h = 3*t - 1573. Is h composite?
False
Let x = -42 - -77. Is x a prime number?
False
Suppose -7 + 19 = 3*o. Suppose 658 = 4*z + 3*n, -2*n + o*n = 4. Is z prime?
True
Let f(n) be the first derivative of -n**2 + n + 1. Let b be f(1). Is -3 + 0 + b + 153 a prime number?
True
Let u(h) = h**2 - 2*h - 3. Let s be u(3). Suppose s*w = 4*w - 196. Is w a composite number?
True
Suppose 2*i = -2*x - 2*x + 834, 0 = -5*i - 25. Is x composite?
False
Let u(h) = 17*h. Let r(m) = 18*m + 1. Let o be 4 + (-1 + 5)/(-2). Let f(d) = o*u(d) - 3*r(d). Is f(-2) prime?
True
Suppose w + 0 - 13 = 0. Suppose -2*f + 3*j = -41 - w, 3*f = j + 74. Is (-15)/2*f/(-18) prime?
False
Suppose -3*r - r + 100 = 0. Is r a composite number?
True
Let m(l) = l - 9. Suppose -4*i - 5*u + 45 = 0, 2*i - 4*u + 6 = -4. Let o be m(i). Is (-216)/(-21) + o/14 composite?
True
Let m(b) = -b**2 + 5*b + 1. Let y be (-1)/4 - 51/(-12). Let z be m(y). Supp